242206
Convert 6c776e (base 16) to base 12.
246983a
What is 11343220 (base 7) in base 13?
291316
What is -2603320 (base 7) in base 11?
-210494
What is 11011111302 (base 4) in base 7?
14220054
What is 111101001000111000000 (base 2) in base 7?
23012536
-1120222021110 (base 3) to base 14
-180373
5341346 (base 7) to base 4
2132121122
12213020032 (base 4) to base 10
1733134
Convert -2321032330 (base 4) to base 12.
-3070a4
What is 84bc26 (base 15) in base 4?
120012110301
16645403 (base 7) to base 8
6206505
-64e27 (base 15) to base 4
-1032032311
1260173 (base 12) to base 4
31300323213
What is -51ba4 (base 16) in base 14?
-89dd2
What is 20001000021 (base 3) in base 7?
1003312
What is 13312312320 (base 4) in base 3?
10212122101100
Convert 557163 (base 8) to base 14.
4c73d
What is -622a4 (base 11) in base 2?
-10110001011110000
2200120222112 (base 3) to base 2
101011100110101011011
What is -2b0556 (base 13) in base 11?
-662711
What is 6d14c (base 14) in base 6?
5413252
-2211010011 (base 3) to base 9
-84104
-66006 (base 7) to base 15
-4d30
Convert -1ab061 (base 12) to base 5.
-110202043
-8848b5 (base 13) to base 10
-3209120
a5c37 (base 15) to base 2
10000000011000110101
What is 100101110010101010101111 (base 2) in base 4?
211302222233
-1232011121 (base 4) to base 5
-103412110
-b9a2ab (base 12) to base 3
-12112102221112
What is 15104022 (base 6) in base 13?
1536cb
Convert -202770 (base 12) to base 4.
-1322213010
-19ac6 (base 14) to base 4
-33323132
Convert -14210035 (base 6) to base 3.
-220120010212
Convert -106509 (base 13) to base 11.
-24355a
3aa8488 (base 11) to base 4
123001031033
What is 4022443042 (base 5) in base 6?
443444153
1340513 (base 6) to base 2
10010011001011101
56afa (base 16) to base 4
1112223322
What is -1aa8303 (base 14) in base 8?
-62624657
Convert -35b812 (base 12) to base 13.
-246200
Convert -1803e (base 15) to base 13.
-29489
-52405 (base 7) to base 13
-5b39
-11101011100100111 (base 2) to base 12
-59973
-267071 (base 9) to base 14
-433a7
17202453 (base 8) to base 4
33100110223
-101502442 (base 6) to base 9
-3281138
What is -265927 (base 10) in base 12?
-109a87
What is a6a21 (base 12) in base 13?
78a00
-440fe (base 16) to base 11
-1804a9
Convert 778a01 (base 11) to base 12.
4ba6b3
What is -6650 (base 7) in base 12?
-146b
Convert -1356540 (base 10) to base 5.
-321402130
Convert -201314442 (base 5) to base 15.
-10e3d2
-1233033023 (base 4) to base 11
-291357
Convert 1603300 (base 7) to base 12.
a7157
What is 2223412 (base 6) in base 8?
333200
-1000011000001010110 (base 2) to base 11
-178282
What is 110772 (base 8) in base 15?
b115
-2bc09 (base 15) to base 10
-141084
Convert -310021334 (base 5) to base 12.
-504291
What is -342ac7 (base 15) in base 13?
-692380
698c6 (base 13) to base 2
101111000010001101
Convert 2312211302 (base 4) to base 14.
1567aa
897a3 (base 11) to base 6
2442055
Convert -5542534 (base 7) to base 15.
-d74ca
Convert -7a8952 (base 11) to base 15.
-1a5d91
-8b3737 (base 12) to base 4
-20133031123
What is -83a342 (base 11) in base 9?
-2471381
-121300102202 (base 4) to base 5
-3212021034
731a593 (base 11) to base 12
43a8796
10b042 (base 13) to base 15
7c2c9
-201391 (base 11) to base 14
-86076
Convert 1a2a0 (base 11) to base 10.
28303
Convert 3421034400 (base 5) to base 3.
112021221001200
Convert 55425013 (base 6) to base 10.
1667745
Convert 201222101222 (base 3) to base 11.
24948a
What is -20445635 (base 7) in base 3?
-10020200120012
-2220112121202 (base 3) to base 4
-11321123030
-242215 (base 6) to base 12
-1036b
243684 (base 9) to base 2
100011111010010011
What is -1b50870 (base 12) in base 10?
-5828052
Convert 2ab41 (base 14) to base 4.
121333311
What is -20322010 (base 6) in base 2?
-10001111000111110110
Convert -13551462 (base 8) to base 2.
-1011101101001100110010
Convert -212e1b (base 16) to base 4.
-20102320123
Convert -113868 (base 9) to base 10.
-68507
Convert -200211221 (base 4) to base 16.
-20969
Convert -102020101211111 (base 3) to base 2.
-10110110001111110000110
Convert -1225341 (base 8) to base 12.
-143b95
Convert 2634c (base 13) to base 11.
49282
What is -10110001000011010100011 (base 2) in base 13?
-1281928
Convert 743201 (base 10) to base 3.
1101202110222
3032817 (base 10) to base 14
58d37b
Convert 2097928 (base 10) to base 5.
1014113203
What is 4301154 (base 6) in base 16?
3353e
Convert 59d5 (base 16) to base 5.
1213442
Convert 67243 (base 11) to base 7.
554055
-328a647 (base 11) to base 10
-5768000
-a6196 (base 11) to base 5
-14421442
Convert 1111110001101000100 (base 2) to base 3.
222021002122
What is 664b97 (base 12) in base 4?
12030332203
What is 2014043 (base 5) in base 2?
111111010001110
Convert 1100011110101010100100 (base 2) to base 6.
154041020
-13044 (base 6) to base 8
-3664
What is 2452162 (base 7) in base 8?
1147656
What is 100101000011101001010 (base 2) in base 15?
18ebc2
What is 4574550 (base 9) in base 12?
9b16a6
What is -1178462 (base 9) in base 16?
-9ce45
Convert 19194 (base 15) to base 14.
2191a
What is 3c05c9 (base 13) in base 14?
29d2bb
Convert 692988 (base 13) to base 7.
30112623
What is -3115151 (base 7) in base 8?
-1332303
What is -163264 (base 11) in base 2?
-111101110100010010
5140546 (base 9) to base 4
22131222201
Convert 3b96b4 (base 12) to base 7.
11265430
What is 123150021 (base 6) in base 4?
21020121331
Convert 90f109 (base 16) to base 14.
13939a1
What is 42153 (base 7) in base 6?
120013
-9b219a (base 12) to base 3
-11122112222201
Convert 147152 (base 9) to base 4.
112012130
What is 84075 (base 9) in base 15?
11682
-63c60 (base 14) to base 15
-4b6c9
What is -534155 (base 8) in base 16?
-2b86d
What is -1308647 (base 9) in base 16?
-ae8c5
Convert 3802531 (base 9) to base 2.
111111001000001111110
What is 2641153 (base 8) in base 10?
737899
Convert 11111001010110100 (base 2) to base 3.
20111010110
What is -210166 (base 7) in base 11?
-2514a
What is 140666 (base 10) in base 9?
233855
Convert -185072 (base 9) to base 11.
-79650
What is -22111122022 (base 3) in base 10?
-167408
204345421 (base 6) to base 13
982657
What is -621305 (base 7) in base 6?
-2135215
-263914 (base 16) to base 10
-2504980
Convert -4ad644 (base 14) to base 3.
-11211200121202
14b7c4 (base 15) to base 4
3310110313
Convert -1265604 (base 9) to base 12.
-295094
14016013 (base 8) to base 9
5834870
What is -2011151 (base 6) in base 8?
-271253
What is 33560160 (base 7) in base 3?
12111110101020
What is -fb837 (base 16) in base 5?
-230431244
-96502 (base 10) to base 13
-34c03
Convert 11110111100000001 (base 2) to base 13.
458aa
Convert -230052455 (base 6) to base 9.
-7820648
What is 109418 (base 12) in base 10?
264980
-1202220122200 (base 3) to base 13
-270342
Convert 340a4 (base 13) to base 4.
113012031
Convert -6405065 (base 9) to base 4.
-31011003002
-12012222202 (base 3) to base 10
-102782
-102603 (base 12) to base 5
-31100110
Convert 13021123333 (base 4) to base 12.
764367
What is 211221012002221 (base 3) in base 4?
232133131231
What is -5054855 (base 9) in base 4?
-22101213320
Convert -12011111 (base 4) to base 16.
-6155
Convert -3786552 (base 9) to base 16.
-1f8254
-6a9188 (base 12) to base 10
-1716152
-10111000210111 (base 3) to base 12
-75307a
What is -10130 (base 5) in base 13?
-3c2
What is -480f7 (base 16) in base 5?
-33421114
Convert -2340044 (base 6) to base 12.
-5a624
Convert -1310223202 (base 4) to base 13.
-1396c3
-2364571 (base 8) to base 14
-12ca37
Convert -421488 (base 11) to base 3.
-1021022110201
Convert -183036 (base 11) to base 15.
-58941
112011211020 (base 3) to base 13
9a047
What is -2a92225 (base 11) in base 4?
-110023012030
What is 5377e6 (base 15) in base 10?
3974166
What is -115005101 (base 6) in base 4?
-20113220131
What is -223046 (base 12) in base 15?
-ab469
What is -101021110100021 (base 3) in base 13?
-1192996
What is 115075 (base 12) in base 11?
1800a8
-447a812 (base 11) to base 4
-131323310322
Convert -11004110 (base 6) to base 15.
-67083
2744232 (base 9) to base 4
11233210220
Convert 76284 (base 9) to base 4.
30111223
What is -204111121 (base 5) in base 7?
-10130213
What is -111001101110100111001111 (base 2) in base 12?
-5099727
-113110002031 (base 4) to base 8
-27240215
-3aaa7ba (base 12) to base 3
-210222000001121
What is -20721 (base 13) in base 6?
-1130020
-53792 (base 11) 